527665?
5
What is the hundreds digit of 1519050?
0
What is the hundreds digit of 2682311?
3
What is the hundreds digit of 6076142?
1
What is the units digit of 735221?
1
What is the hundred thousands digit of 297563?
2
What is the hundred thousands digit of 321923?
3
What is the hundred thousands digit of 914141?
9
What is the ten thousands digit of 4808656?
0
What is the ten thousands digit of 3662151?
6
What is the units digit of 64830?
0
What is the hundred thousands digit of 12992287?
9
What is the thousands digit of 10866871?
6
What is the units digit of 2031262?
2
What is the thousands digit of 2017901?
7
What is the millions digit of 4340583?
4
What is the units digit of 116971?
1
What is the hundreds digit of 261660?
6
What is the tens digit of 11517612?
1
What is the units digit of 3503092?
2
What is the tens digit of 484267?
6
What is the millions digit of 22894413?
2
What is the thousands digit of 75070?
5
What is the units digit of 1212738?
8
What is the hundred thousands digit of 980999?
9
What is the tens digit of 403814?
1
What is the thousands digit of 16338844?
8
What is the thousands digit of 1781016?
1
What is the hundred thousands digit of 205929?
2
What is the units digit of 2964342?
2
What is the hundreds digit of 110365?
3
What is the units digit of 872703?
3
What is the thousands digit of 3442732?
2
What is the hundreds digit of 4752860?
8
What is the units digit of 456871?
1
What is the thousands digit of 184865?
4
What is the tens digit of 5276371?
7
What is the tens digit of 2494041?
4
What is the hundred thousands digit of 2045183?
0
What is the hundred thousands digit of 368773?
3
What is the hundreds digit of 608222?
2
What is the thousands digit of 1819532?
9
What is the hundred thousands digit of 1545564?
5
What is the ten thousands digit of 17112430?
1
What is the ten thousands digit of 674771?
7
What is the units digit of 985684?
4
What is the hundreds digit of 5711888?
8
What is the ten thousands digit of 2022423?
2
What is the ten thousands digit of 647795?
4
What is the ten thousands digit of 479041?
7
What is the hundred thousands digit of 4064080?
0
What is the ten thousands digit of 166621?
6
What is the millions digit of 2105046?
2
What is the ten thousands digit of 1098230?
9
What is the hundred thousands digit of 9141346?
1
What is the units digit of 149154?
4
What is the hundreds digit of 27274784?
7
What is the hundred thousands digit of 223316?
2
What is the thousands digit of 3440917?
0
What is the hundred thousands digit of 15456163?
4
What is the units digit of 246949?
9
What is the thousands digit of 2092044?
2
What is the hundreds digit of 28700?
7
What is the units digit of 6943557?
7
What is the tens digit of 1809000?
0
What is the hundred thousands digit of 338801?
3
What is the units digit of 7597?
7
What is the units digit of 354154?
4
What is the hundreds digit of 760483?
4
What is the ten thousands digit of 209609?
0
What is the tens digit of 616243?
4
What is the units digit of 2190704?
4
What is the ten thousands digit of 1985837?
8
What is the units digit of 357120?
0
What is the tens digit of 1100506?
0
What is the hundreds digit of 509645?
6
What is the ten thousands digit of 16418511?
1
What is the units digit of 38387?
7
What is the thousands digit of 5956601?
6
What is the units digit of 103851?
1
What is the units digit of 142943?
3
What is the millions digit of 9812581?
9
What is the units digit of 889254?
4
What is the tens digit of 2501284?
8
What is the ten thousands digit of 2519305?
1
What is the ten thousands digit of 6113494?
1
What is the tens digit of 983951?
5
What is the hundreds digit of 7424823?
8
What is the millions digit of 9368712?
9
What is the millions digit of 2802708?
2
What is the hundred thousands digit of 1288810?
2
What is the thousands digit of 127932?
7
What is the hundreds digit of 90386?
3
What is the ten thousands digit of 2235759?
3
What is the thousands digit of 982932?
2
What is the hundred thousands digit of 289244?
2
What is the thousands digit of 462559?
2
What is the units digit of 2509510?
0
What is the ten thousands digit of 9309695?
0
What is the hundreds digit of 222702?
7
What is the units digit of 9176954?
4
What is the hundred thousands digit of 6124893?
1
What is the hundreds digit of 3339708?
7
What is the tens digit of 313282?
8
What is the units digit of 2517243?
3
What is the millions digit of 16074209?
6
What is the hundred thousands digit of 189521?
1
What is the units digit of 1021868?
8
What is the hundred thousands digit of 441659?
4
What is the thousands digit of 67980?
7
What is the hundred thousands digit of 3945220?
9
What is the thousands digit of 646358?
6
What is the tens digit of 708734?
3
What is the hundreds digit of 1757319?
3
What is the millions digit of 1667816?
1
What is the units digit of 345256?
6
What is the hundred thousands digit of 212226?
2
What is the tens digit of 5362156?
5
What is the tens digit of 21175850?
5
What is the hundreds digit of 771805?
8
What is the hundreds digit of 9110208?
2
What is the ten thousands digit of 564278?
6
What is the thousands digit of 14274837?
4
What is the thousands digit of 637382?
7
What is the thousands digit of 575282?
5
What is the tens digit of 20901526?
2
What is the hundreds digit of 287306?
3
What is the hundred thousands digit of 613424?
6
What is the ten thousands digit of 81297?
8
What is the thousands digit of 232218?
2
What is the hundreds digit of 920133?
1
What is the millions digit of 1918515?
1
What is the millions digit of 1453806?
1
What is the thousands digit of 1507469?
7
What is the ten thousands digit of 3930407?
3
What is the ten thousands digit of 1318568?
1
What is the millions digit of 1848260?
1
What is the hundreds digit of 509066?
0
What is the hundreds digit of 82837?
8
What is the tens digit of 6763620?
2
What is the hundred thousands digit of 164745?
1
What is the tens digit of 7825532?
3
What is the tens digit of 136190?
9
What is the hundreds digit of 7463079?
0
What is the units digit of 677720?
0
What is the thousands digit of 369042?
9
What is the units digit of 1144422?
2
What is the ten thousands digit of 971490?
7
What is the thousands digit of 1343079?
3
What is the units digit of 463276?
6
What is the millions digit of 6060004?
6
What is the millions digit of 3594293?
3
What is the millions digit of 2117148?
2
What is the hundred thousands digit of 2188571?
1
What is the ten thousands digit of 73388?
7
What is the millions digit of 4619174?
4
What is the hundred thousands digit of 316913?
3
What is the hundred thousands digit of 463979?
4
What is the thousands digit of 460518?
0
What is the hundred thousands digit of 179097?
1
What is the units digit of 18954107?
7
What is the millions digit of 1791611?
1
What is the tens digit of 275476?
7
What is the tens digit of 549376?
7
What is the millions digit of 3269358?
3
What is the hundreds digit of 1775129?
1
What is the thousands digit of 13763752?
3
What is the thousands digit of 66904?
6
What is the hundred thousands digit of 7114575?
1
What is the hundreds digit of 906855?
8
What is the ten thousands digit of 1370619?
7
What is the millions digit of 2775847?
2
What is the tens digit of 117668?
6
What is the thousands digit of 1822260?
2
What is the hundreds digit of 343918?
9
What is the thousands digit of 349333?
9
What is the hundred thousands digit of 3270428?
2
What is the tens digit of 155073?
7
What is the hundred thousands digit of 1379006?
3
What is the millions digit of 8405394?
8
What is the thousands digit of 137076?
7
What is the tens digit of 3882814?
1
What is the hundred thousands digit of 159114?
1
What is the ten millions digit of 12738130?
1
What is the hundreds digit of 70390?
3
What is the millions digit of 3256503?
3
What is the ten thousands digit of 14231065?
3
What is the tens digit of 579788?
8
What is the hundreds digit of 106528?
5
What is the thousands digit of 1288633?
8
What is the hundreds digit of 566001?
0
What is the thousands digit of 684597?
4
What is the ten millions digit of 17113641?
1
What is the tens digit of 21683?
8
What is the ten thousands digit of 161419?
6
What is the ten thousands digit of 312495?
1
What is the millions 